ivisor of 34 and 6698.
34
Calculate the greatest common factor of 267 and 48149.
89
Calculate the greatest common factor of 10 and 5410.
10
Calculate the greatest common factor of 513 and 27.
27
What is the greatest common factor of 5304 and 476?
68
Calculate the highest common factor of 256 and 48.
16
Calculate the highest common factor of 32 and 784.
16
What is the greatest common divisor of 180 and 1152?
36
What is the greatest common factor of 24 and 9936?
24
What is the greatest common factor of 97 and 485?
97
What is the highest common factor of 40 and 20?
20
What is the highest common factor of 36 and 5823?
9
Calculate the highest common factor of 295 and 177.
59
What is the highest common divisor of 21 and 1533?
21
Calculate the greatest common divisor of 138 and 28750.
46
What is the highest common factor of 28 and 96?
4
Calculate the greatest common divisor of 72 and 2904.
24
Calculate the greatest common factor of 98 and 3661.
7
What is the greatest common factor of 58 and 3799?
29
Calculate the greatest common factor of 6295 and 5.
5
Calculate the greatest common divisor of 19 and 2413.
19
What is the highest common factor of 205 and 2993?
41
What is the highest common divisor of 230 and 11937?
23
Calculate the highest common divisor of 160 and 4780.
20
Calculate the greatest common divisor of 348 and 132.
12
What is the highest common factor of 15 and 250?
5
What is the greatest common divisor of 2072 and 3416?
56
Calculate the greatest common factor of 3073 and 70.
7
Calculate the greatest common factor of 5 and 54.
1
Calculate the greatest common divisor of 43 and 27563.
43
Calculate the greatest common factor of 230 and 20.
10
What is the greatest common factor of 16767 and 162?
81
Calculate the greatest common divisor of 4 and 988.
4
What is the highest common factor of 300 and 180?
60
Calculate the greatest common factor of 837 and 248.
31
What is the highest common divisor of 56 and 42?
14
Calculate the highest common factor of 21 and 203.
7
Calculate the highest common divisor of 2352 and 48.
48
What is the greatest common factor of 254 and 7493?
127
Calculate the highest common divisor of 20 and 500.
20
What is the highest common factor of 500 and 3?
1
What is the greatest common factor of 440 and 836?
44
Calculate the greatest common factor of 910 and 1330.
70
Calculate the greatest common factor of 1246 and 42.
14
Calculate the highest common factor of 8711 and 31.
31
Calculate the greatest common factor of 31 and 1643.
31
Calculate the greatest common factor of 4741 and 22.
11
Calculate the highest common divisor of 125 and 225.
25
Calculate the greatest common divisor of 78 and 507.
39
What is the highest common divisor of 3958 and 4?
2
What is the greatest common divisor of 98 and 322?
14
Calculate the greatest common factor of 35 and 63.
7
Calculate the greatest common divisor of 4 and 384.
4
Calculate the greatest common divisor of 22 and 11.
11
What is the highest common divisor of 405 and 36?
9
Calculate the highest common factor of 1791 and 27.
9
What is the greatest common divisor of 48 and 376?
8
What is the highest common divisor of 1313 and 26?
13
What is the greatest common factor of 47 and 47?
47
Calculate the greatest common divisor of 13 and 559.
13
Calculate the greatest common factor of 343 and 42.
7
Calculate the greatest common factor of 1130 and 40.
10
What is the greatest common factor of 2592 and 276?
12
Calculate the highest common divisor of 93 and 30.
3
What is the highest common factor of 56 and 5768?
56
What is the highest common factor of 14 and 350?
14
What is the highest common divisor of 480 and 270?
30
What is the greatest common factor of 145792 and 128?
128
Calculate the highest common divisor of 290 and 10.
10
What is the greatest common factor of 21 and 12?
3
What is the greatest common divisor of 64 and 1024?
64
Calculate the highest common divisor of 504 and 16968.
168
What is the greatest common factor of 17 and 17?
17
What is the greatest common factor of 2627 and 37?
37
Calculate the greatest common divisor of 15 and 35.
5
Calculate the greatest common factor of 55 and 363.
11
What is the highest common factor of 17 and 68?
17
What is the greatest common factor of 5 and 29?
1
What is the highest common divisor of 95 and 133?
19
Calculate the highest common factor of 2553 and 69.
69
What is the greatest common factor of 26 and 403?
13
Calculate the greatest common divisor of 94 and 28153.
47
Calculate the greatest common divisor of 77 and 44.
11
What is the highest common factor of 155 and 40?
5
Calculate the greatest common divisor of 8 and 20.
4
Calculate the highest common divisor of 363 and 33.
33
What is the greatest common factor of 12 and 4446?
6
Calculate the highest common divisor of 106 and 3392.
106
Calculate the greatest common divisor of 36 and 12.
12
What is the highest common divisor of 268 and 1809?
67
What is the greatest common factor of 27 and 72?
9
Calculate the greatest common factor of 198 and 770.
22
What is the greatest common factor of 357 and 42?
21
What is the greatest common factor of 160 and 11616?
32
What is the highest common divisor of 465 and 135?
15
What is the highest common factor of 1265 and 55?
55
What is the greatest common factor of 1120 and 35?
35
What is the highest common divisor of 72 and 90?
18
What is the greatest common divisor of 32 and 9584?
16
What is the highest common factor of 45 and 485?
5
Calculate the highest common divisor of 1265 and 110.
55
Calculate the greatest common factor of 832 and 312.
104
Calculate the greatest common divisor of 90 and 110.
10
Calculate the greatest common divisor of 105 and 720.
15
Calculate the greatest common divisor of 128 and 320.
64
Calculate the highest common divisor of 6996 and 132.
132
What is the greatest common factor of 1904 and 448?
112
What is the greatest common factor of 8 and 1900?
4
Calculate the greatest common divisor of 234 and 99.
9
What is the greatest common factor of 2419 and 82?
41
Calculate the greatest common factor of 3 and 183.
3
Calculate the greatest common factor of 87 and 330.
3
What is the greatest common factor of 34 and 408?
34
Calculate the highest common factor of 73 and 1168.
73
What is the greatest common divisor of 17593 and 73?
73
Calculate the greatest common factor of 46 and 11178.
46
What is the highest common factor of 7627 and 29?
29
Calculate the highest common factor of 1380 and 30.
30
What is the highest common factor of 38 and 488?
2
What is the greatest common factor of 55952 and 208?
208
Calculate the greatest common factor of 62 and 1178.
62
What is the highest common divisor of 437 and 76?
19
Calculate the greatest common factor of 2170 and 175.
35
What is the greatest common divisor of 171 and 234?
9
What is the highest common factor of 1513 and 34?
17
What is the highest common factor of 23 and 12512?
23
What is the highest common factor of 240 and 22920?
120
What is the greatest common factor of 52 and 962?
26
Calculate the greatest common divisor of 114 and 12.
6
What is the highest common divisor of 6893 and 61?
61
Calculate the highest common divisor of 774 and 18.
18
Calculate the highest common factor of 2747 and 67.
67
Calculate the greatest common factor of 1692 and 72.
36
What is the highest common divisor of 159 and 636?
159
Calculate the greatest common divisor of 30 and 258.
6
Calculate the greatest common divisor of 451 and 205.
41
What is the greatest common divisor of 6 and 51?
3
Calculate the highest common divisor of 735 and 2100.
105
What is the highest common divisor of 1248 and 1056?
96
Calculate the greatest common divisor of 11882 and 65.
13
Calculate the greatest common divisor of 7847 and 118.
59
Calculate the highest common factor of 195 and 624.
39
What is the greatest common divisor of 144 and 162?
18
Calculate the greatest common divisor of 6120 and 24.
24
What is the highest common factor of 96 and 12288?
96
What is the greatest common divisor of 1248 and 390?
78
Calculate the highest common factor of 36 and 48.
12
What is the greatest common factor of 138 and 84?
6
Calculate the highest common divisor of 13 and 143.
13
What is the highest common factor of 14 and 29022?
14
Calculate the greatest common fact